 Let u be ((-8)/(-14))/(-7 + j/21). Let y(m) = -m**2 + 4*m + 3. Give y(u).
-9
Let g(k) = -2*k**2 + 7*k + 2. Let y(n) = -n**3 - 3*n**2 + 6. Let b be y(-2). Let d be g(b). Let v(w) = w. What is v(d)?
8
Let k(l) = -5*l**2 - l + 1. Let x be k(1). Let u(y) = -y**2 - 7*y - 7. Let b(z) = -z. Let v(m) = 6*b(m) + u(m). Determine v(x).
33
Suppose 3*a = -3*s + 138, -5*a + s + 40 = -136. Let t(u) = 5*u - 134. Determine t(a).
51
Let j = 4065 + -4052. Let p(k) = -k**3 + 13*k**2 - 2*k + 27. Give p(j).
1
Let i be 4 + 10/(50/(-15)). Let b(s) = -5*s - 2. Let d(p) be the second derivative of 14*p**3 + 35*p**2/2 - 11*p. Let y(h) = -105*b(h) - 6*d(h). Determine y(i).
21
Suppose 36 - 20 = 2*r. Suppose 4*y = r, 4*u - 27 = 3*u + 3*y. Let g = -36 + u. Let k(n) = -2*n**2 - 2*n. Give k(g).
-12
Let u(t) be the first derivative of -t**4/4 - 4*t**3/3 + t**2 + 5*t + 1014. Determine u(-4).
-3
Let q = -12 + 23. Let b = 859 + -842. Suppose q*i + 6 = b. Let w(r) = -11*r**2 + r - 1. Calculate w(i).
-11
Let a(d) be the first derivative of -5*d**2/2 - d - 7158. Suppose -2*w - 3*w = -10. Give a(w).
-11
Let w(k) be the second derivative of 13*k**3/6 + 5*k**2/2 + 3697*k. Give w(0).
5
Let l(k) = k**3 - 18*k**2 + 16*k + 13. Let s be (-7)/(588/(-238))*6. What is l(s)?
-4
Let l(z) = 0 - 12*z - z**2 - 2 + 0*z**2 - 5. Let d = -2070 + 2060. Determine l(d).
13
Suppose 3 = -2*s - 70*o + 73*o, 0 = 5*s + 3*o - 3. Let i = 16 - 10. Suppose s = -4*x + 3*j + i + 8, -2*x + 6 = -2*j. Let c(q) = -q - 6. Give c(x).
-11
Let d(k) = -5*k + 10. Let t be 0 - 0 - (-7 + 0 - -11) - -7. What is d(t)?
-5
Let y(h) = -3125 + 17*h - 3090 + 6212. Determine y(2).
31
Let l(t) = 3*t. Suppose -936 = 5*v - 3*w, -6 = 2*w - 0*w. Let r = -186 - v. Give l(r).
9
Let q(z) = -z**2 - 8*z + 8. Let u = -187 - -190. Suppose 6*a - 2*a = -3*k - 21, u*k = 4*a - 21. Determine q(k).
15
Let l(d) = d**2 + 8*d - 25. Let z be l(-11). Let b(v) = 0*v**3 - 6*v + 5*v - 88*v**2 + 52*v**2 + 7 + 44*v**2 - v**3. Calculate b(z).
-1
Suppose 1345 = 172*u + 97*u. Let p(m) = -m**3 + 5*m**2 - 9*m + 36. Give p(u).
-9
Suppose 21 = 3*t + 4*b, -18*t - 9 = -23*t + 2*b. Let i(o) = -106 - 2*o + t*o + o + 104 - o**2. What is i(1)?
-1
Suppose w + 4 = 0, -40 + 10 = 5*l - 5*w. Let j = 16 + l. Let y(t) = t**3 - 4*t**2 - 10*t + 8. Determine y(j).
20
Let c(x) = x**3 - 8*x**2 + 8. Let h be ((-6)/5)/((-6)/40). Let a be c(h). Let n be (3 - a/2)*-3. Let f(m) = 3*m + 3. Calculate f(n).
12
Let o(h) be the third derivative of -h**4/24 - 11*h**3/6 + h**2. Let d(l) = l + 11. Let w(p) = 6*d(p) + 7*o(p). Let g = 62670 - 62670. Calculate w(g).
-11
Let z(q) = -2*q**2 - 2*q**2 + 3*q**2. Let o(p) = 3*p**2 + 0*p**3 + 15326*p + 6 - 15324*p - p**3. Let k be o(4). Calculate z(k).
-4
Let f(i) = 3*i**2 - 2*i + 2. Let r(x) = 3*x**2 + 19*x + 8. Let o(t) = 50*t**2 - 5*t + 4. Let z be o(1). Let p = z + -55. Let a be r(p). Give f(a).
10
Let y(g) = -2*g**3 + 8*g**2 + 2*g + 12. Suppose q + 171*m = 175*m - 16, 4*q - 5*m = -9. Give y(q).
20
Let m(d) = 3*d**2 - 4*d**2 + 5*d + 5*d. Let z = 10137 - 10128. Determine m(z).
9
Let r(c) = -13*c - 589. Let p(t) = -20*t**2 - 3*t + 41. Let s be p(2). Calculate r(s).
-4
Let o(g) be the second derivative of -17*g**4/12 - 17*g**3/6 + 34*g**2 + 6*g + 2. Let h(n) = 10*n**2 + 8*n - 35. Let b(c) = -5*h(c) - 3*o(c). Give b(-13).
-3
Let r be (0 - 0)/(-4 - (5 + -11)). Let i(b) = -2*b**3 + 13 + 18 - 25 + 3*b**3. Calculate i(r).
6
Let x = -482 - -479. Let f(r) be the first derivative of -1/4*r**4 - 11 - 3*r - r**2 - r**3. Calculate f(x).
3
Let k(c) be the second derivative of -c**5/20 + 2*c**4/3 + 5*c**3/3 + c**2 - c. Suppose 69 = 2*l + 5*w + 61, -3*w - 33 = -3*l. What is k(l)?
11
Suppose i + 62 - 66 = 0. Suppose 0 = -i*y + 8*y - 36. Let p(s) = -s**2 + 12*s - 12. Determine p(y).
15
Let t(x) = -2*x + 249*x**2 + 355*x**2 - 2 - 591*x**2. What is t(-2)?
54
Let k(f) = -f**2 + 13*f - 46. Suppose 2507 = 15*v + 2387. Calculate k(v).
-6
Let u(j) be the third derivative of j**5/20 + j**4/12 - j**3/3 + 6*j**2 - 76*j. Give u(1).
3
Let s(r) = r**2 - 4*r + 2. Suppose o = 1, -3*o + 288 = f + 4*f. Let i be 4/38 - 291/f. Determine s(i).
47
Let i(n) be the first derivative of -n**3/3 - 9*n**2/2 - 8*n - 1186. Let a be (-1 - 0)*-4*1. Suppose 3*d + 0*d = 4*m + 51, -16 = a*m + 4*d. Give i(m).
-8
Let y(w) be the first derivative of 6*w**2 - 65*w - 937. What is y(5)?
-5
Suppose 4*p = 2*r + 2, -496*r + 492*r + 8 = -2*p. Let g(q) = -q**2 + 5*q. Determine g(r).
6
Let m(w) = 2*w**3 - 13*w**2 - 46. Let j(r) = 147*r - 3080. Let u be j(21). Give m(u).
3
Let q(f) = -f**2 + 19*f - 72. Let w be q(8). Let g(t) = t**3 - 16*t**2 - 6*t + 7. Calculate g(w).
-89
Let f(p) = 11*p**3 + p**2 - p + 1. Let g be (-237)/27 - (42/(-27))/(-7). Let l(d) = 7*d + 64. Let m be l(g). Calculate f(m).
12
Suppose -n = 3*z - 35, -49 - 84 = -5*n - z. Let j(s) = s - 101. What is j(n)?
-75
Let j(i) = -34*i + 262. Let x be j(7). Let r(g) = -2*g**2 + 47*g + 12. What is r(x)?
-12
Suppose -2*g + 4 = -0. Let f(a) = a**3 - 3*a**2 + 2*a - 2. Let m be f(g). Let d be (-7)/5 + m/(-5). Let t(c) = 7*c. Calculate t(d).
-7
Let g(k) = -k**2 + 6*k - 2. Suppose -5*o + 0 = -10. Let a(x) = -x**2 + 13*x + 15. Let r be a(14). Let n be (-24)/(-3)*r/o. Determine g(n).
6
Let y be (-7)/((-35)/(-25)) - (-7 + 1). Suppose 17 = 6*c - y. Let p(m) = -m + 1. Determine p(c).
-2
Let u(q) = q**3 + 13*q**2 + 21*q - 23. Suppose 459*s = 456*s + 3*y - 24, 0 = 2*s + 4*y + 34. Determine u(s).
-12
Let w(v) = -v**2 - 37*v - 94. Let o = -3580 + 3546. Determine w(o).
8
Suppose -62*f + 513*f = 18040. Let h(i) be the first derivative of -f + 3*i**2 - 1/4*i**4 + 2*i - 4/3*i**3. What is h(-5)?
-3
Let n(y) = -y + 1. Suppose 0 = -2*g + a + 37, -6*a = -a + 25. Let c be g/7 - 10/35. Suppose -2*t - 29 = -5*i, 5*t + 26 = c*t + 4*i. What is n(t)?
3
Suppose -5*r + r + 14 = -b, 4*b + 8 = 0. Suppose 4*f + 4 = r*f. Let l(u) = 2*u + 3. Determine l(f).
-5
Let g(b) = -6*b**3 - b - 17 - 9*b**2 + 6*b**3 + b**3 - 10 + 14. Determine g(9).
-22
Let f(z) = -z**3 + 4*z**2 + 9*z - 23. Let s(b) = b**3 + 17*b**2 + 57*b - 51. Let t be s(-6). Determine f(t).
13
Let j = 523 - 520. Suppose u + 4 = 5*u. Let a(l) = -l**2 + 0*l**2 + 5 - l - u. Determine a(j).
-8
Let g(l) = 131*l - 20. Let x(c) = 144*c - 21. Let k(w) = -11*g(w) + 10*x(w). Suppose 5*j - 34 = -3*q, -2*q + 2*j + 9 = -3. Determine k(q).
2
Let f(c) = -5 + 1 + 0 - 4*c. Let q be 4 + ((-497)/142)/((-49)/28). Calculate f(q).
-28
Suppose 14 = 3*d + l, -d - 5*l - 13 = 1. Let h(s) = -s**2 + 5*s + 2. What is h(d)?
-4
Suppose -87*z + 49 = -38. Let a(i) be the second derivative of 7*i**3/6 - 5*i. Determine a(z).
7
Let v = 349 - 319. Suppose 68 = f + 3*f. Suppose -2*w = -f*w + v. Let o(s) = s**3 - 2*s**2 - 2*s + 1. Give o(w).
-3
Let g(o) = 3 + 2*o**2 + o**3 + 3 + 2*o**2 - 2*o. Let v = 65 - 93. Let i be -6 - (-5 - v/7). Calculate g(i).
-9
Let f(x) = -2*x + 1. Let t(o) be the third derivative of o**4/4 - 2*o**3/3 - 30*o**2. Let d(p) = 2*f(p) + t(p). Give d(3).
4
Let r(c) = c**3 + 5*c**2 + 1. Suppose -5*l + 5*j = 0, 2*l - 1 = j + 3. Suppose s = -t - 3*s + 23, 0 = -3*t - l*s + 45. Suppose -y + t*y = -40. What is r(y)?
17
Suppose -40*x - 601 - 75 = -14*x. Let a(q) = 2*q**2 + 53*q + 28. What is a(x)?
2
Let p = 7 - 4. Let f(h) = h**3 - 4*h**2 + 9*h - 8. Let g(a) = -a - 5. Let i(t) = -3*t - 8. Let c(o) = -2*g(o) + i(o). Let b(m) = -6*c(m) - f(m). Calculate b(p).
-4
Let p(i) = -i**2 + 2*i + 1. Let m = 4350 + -4352. Determine p(m).
-7
Let i(a) = -7*a + 77. Let z be (-5 + (-40)/(-32))/((-9)/24). Calculate i(z).
7
Let q(b) be the second derivative of 0*b**3 + 0 + 0*b**4 - 7/10*b**5 - 30*b + 1/2*b**2. Give q(1).
-13
Let u(b) = -b**2 - 73*b + 317. Let w be u(-77). Let n = -15 - -29. Let d(f) = -27 + f**3 + 6 - 5*f + 4*f**2 + n + w. Give d(-5).
2
Let u(r) = r**2 - r. Let t be u(1). Suppose -21 = 5*y - c, 2*y + t + 2 = 2*c. Let x(k) = k**2 + 6*k + 1. Give x(y).
-4
Let i(r) = -3*r + 23. Let y(l) = l - 8. Let o(n) = 6*i(n) + 17*y(n). Let p(a) = -2*a + 15. Let u(d) = -5*o(d) + p(d). Calculate u(2).
11
Suppose -4*t = 2 + 6. Let z(d) = -61*d**2 - 36*d - 3. Let g(j) = -73*j**2 - 43*j - 4. Let p(c) = 5*g(c) - 6*z(c). Give p(t).
0
Suppose -3*o - 9 = 5*p + 20, -3*o = 3*p + 21. Suppose -2*x = -9*x - 7. Let z be 15/9 - x/3 - p. Let i(c) = -c**2 + 7*c - 5. Determine i(z).
1
Let b(a)